s digit of h?
3
Let x be (3 - 24/4)/1. Let b(s) = -5*s + 6. What is the tens digit of b(x)?
2
Suppose -43 - 57 = -5*w. What is the units digit of w?
0
Suppose 122 = -4*h + 38. Let u = h + 11. Let r = -4 - u. What is the units digit of r?
6
Let a(p) = p**3 - 9*p**2. Let c be a(9). What is the units digit of 2 + (c - 1/(-1))?
3
Suppose 12 = c + 2*c, 0 = -x - 3*c + 5. What is the units digit of x*(2/(-7))/1?
2
Let t(z) = -8*z + 4. Let c(b) = 7*b - 5. Let p(q) = 3*c(q) + 2*t(q). Let k = -5 + 10. What is the units digit of p(k)?
8
Let q(j) = -j + 14. Let a be q(9). Suppose 25 = a*n - 2*b, -5*n - 5*b - 10 = -0*n. What is the units digit of n?
3
Suppose 8*y + 56 = 12*y. What is the tens digit of y?
1
Let a(i) = -i**2 + 8*i - 6. Let k be a(6). Let u = -1 + k. Suppose -u - 1 = -2*h. What is the units digit of h?
3
Let g(h) = -h**3 - 4*h**2 + 5*h. Let p be g(-5). Suppose p*l = 2*l - 26. What is the units digit of l?
3
Let v(s) = -s + 18. Let z(r) = 5*r - 73. Let o(g) = 9*v(g) + 2*z(g). What is the units digit of o(-6)?
0
Let q be 2 + -5 - 0 - -3. Suppose 2*c - 2*y + 3*y - 3 = q, -6 = -2*c + 2*y. What is the units digit of c?
2
Suppose -p - 3*p + 1588 = 0. What is the hundreds digit of p?
3
Let h(m) = 7*m**2 + 5*m - 29. What is the hundreds digit of h(4)?
1
Let q(l) = 2*l + 14. What is the tens digit of q(0)?
1
Let g = -5 + 4. Let x be 10/1 - (-2)/g. Suppose x = 5*z - 32. What is the units digit of z?
8
Let d(a) = 2*a - 12. Let z(l) = l**2 + 2*l. Let k be z(2). Let w be d(k). Let i = w - 1. What is the units digit of i?
3
Suppose 2*r - 4*g = -26, -7*r - 5*g = -2*r + 65. Let x = r + 19. What is the units digit of x?
6
Suppose -3*b = -2*b + 4. Let t(p) = -3*p - 3. What is the units digit of t(b)?
9
Suppose 5*c - 430 = -5*k, k = -c - 3*k + 74. Suppose c = -2*p + 4*p. What is the units digit of p/(-3)*(-2)/3?
0
Suppose k = 6*k. Suppose -3*a = -4*u + u + 18, k = 3*u + 2*a - 33. What is the units digit of u?
9
Let t(j) be the first derivative of -3*j**2/2 - 6*j - 3. What is the units digit of t(-5)?
9
Suppose -j = -37 + 1. What is the units digit of j?
6
Let n(o) = o**2 + o + 12. Let s = 10 + -10. What is the units digit of n(s)?
2
Let u(p) = -p**2 + 5*p. Let o be u(5). Suppose 0 = -o*c + 2*c - 10. What is the units digit of c?
5
Suppose 7*i - 190 = 2*i. Suppose -i + 7 = -l. What is the units digit of l?
1
Let u be -1 - (-35 + (-3 - -3)). Suppose -170 = -s - 4*s + 2*o, -u = -s - 3*o. What is the units digit of s?
4
Suppose -u + 36 = -19. What is the tens digit of u?
5
Suppose -3*k + 28 = -32. Suppose -t + k = -b, t = -2*t - 3*b + 54. What is the units digit of t?
9
Suppose 2*l + 3*l - 100 = 0. Let n be (1/(-2))/((-2)/l). What is the units digit of 1/n + (-38)/(-10)?
4
Let a = 77 + -38. What is the tens digit of a?
3
Let c be 1 - (-2*1 - 0). Let b be (0 + 1)/((-1)/c). Let g = b - -4. What is the units digit of g?
1
Let s be -5 - (-1 + -2) - -3. Let n be 3*(-1 + -1 + s). Let i(m) = 2*m**2 + m - 4. What is the units digit of i(n)?
1
Let i = 1 - -3. Suppose 6*f - i*f = -2*s + 44, -2*f = -5*s + 75. Suppose -s = -4*u - 3*a, -3*u + 0*u + 3*a + 39 = 0. What is the units digit of u?
8
Let l = -118 + 284. What is the tens digit of l?
6
Let h = 14 - 12. Suppose -2*c = 3*c + h*k - 140, -3*c + 63 = -3*k. What is the tens digit of c?
2
Suppose 13 = 2*u - 61. Let b = u + -17. Suppose b = 3*k - k. What is the units digit of k?
0
Suppose -2 = 2*v - 6. What is the units digit of 4 - (-4)/v - -2?
8
Let m(a) = 0*a**2 - 2*a**2 + 5 + 2*a + a**2. Let n be m(4). Let f = 6 + n. What is the units digit of f?
3
What is the units digit of (-2472)/4*8/(-12)?
2
Let b = 44 - 29. What is the units digit of b?
5
Suppose -d - 5*x = -6*d + 880, -4*d + 5*x = -708. What is the units digit of d?
2
Let u be 6/(1 + 1) + -1. Suppose -2*n - 2 = u*i + 4, n = 5*i + 15. Suppose n = 4*d - 67 - 17. What is the units digit of d?
1
Let l be (-5)/3 + 8/(-24). Let w be (-4)/(-2*l/(-6)). What is the units digit of 4/w + 92/6?
6
Let d(n) = n**3 - 7*n**2 - 18*n + 8. Let x be d(9). Suppose 0 = 2*q - q - 3. Suppose x = q*z - z. What is the units digit of z?
4
Let k(f) = f**3 + 7*f**2 + 4*f - 4. Suppose -3*h = 5*b - 5, 4*h + 2*b - 19 = -3. Suppose -h*x - 6 = -4*x. What is the units digit of k(x)?
8
Let p(m) = m**2 - 5*m - 4. What is the units digit of p(8)?
0
Let y(x) = 3*x**3 + x - 2*x**3 - 1 - 2*x**3 - x**2. Let q be y(-2). What is the units digit of (3 + -2)/(0 + q)?
1
Suppose 0 = v - 5*v - s + 21, 15 = v - 3*s. Suppose -p - 2*p + v = 3*u, 9 = 2*u - 3*p. What is the units digit of u?
3
Let l = -38 - -45. What is the units digit of l?
7
Let o(k) = -7*k + 1. What is the units digit of o(-9)?
4
What is the tens digit of 7*3*35/15?
4
Suppose 13*d - 176 = 9*d. What is the units digit of d?
4
Suppose -5*y - 2 = 8. Let b be (y + 0)*(-2)/1. What is the units digit of (-1 + -29)*(-2)/b?
5
Let g = 7 - 6. Suppose 1 = 2*q - g. What is the units digit of q?
1
Suppose 5*w - m - 14 - 9 = 0, 0 = 5*m + 15. Suppose 3*n = 3*l - w*l + 17, -n = -4*l - 23. What is the units digit of n?
7
Let s(h) = h**3 - 29*h**2 - 29*h - 20. What is the tens digit of s(30)?
1
Let y(k) = k**3 + 22*k**2 - 27*k - 24. What is the units digit of y(-23)?
8
What is the units digit of (-6)/33 - 4448/(-22)?
2
Let b(y) = y**3 + 2 - 2*y + 4*y**2 - 2*y + 8*y. Let i be b(-2). Suppose p + 4*s + 40 = 5*p, -i*p - 4*s + 26 = 0. What is the tens digit of p?
1
Let d(j) = -2*j**3 + j**2 + j - 2. Suppose -5*p = -3*f + 1, 6 + 3 = 2*f + 5*p. Let a be d(f). What is the units digit of (a/8)/(1/(-2))?
3
Let d(l) be the second derivative of -l**5/20 - l**4/12 - l**3/2 - 3*l**2/2 + l. What is the units digit of d(-2)?
7
Let s be 1/(-2) + (-11)/2. Let l(x) = 2*x - 1. Let m be l(s). Let h = -7 - m. What is the units digit of h?
6
Suppose -2*v - 711 = -6*v - 3*x, -4*v = -2*x - 706. What is the tens digit of v?
7
Let s(y) = y**3 - y**2 - y - 1. Let w(o) = -6*o**3 + o**2 + 3*o + 3. Let b(c) = 4*s(c) + w(c). Let h be b(-2). What is the units digit of h + (2 - -4)/3?
7
Suppose 0 = -7*w + 4*w + 30. Suppose -2*f - w = 0, -26 = -4*z + 2*z + 2*f. What is the units digit of z?
8
Suppose 5*l = -c - 8, 2*c - 1 = l - 6. What is the tens digit of (-8 - l)*4/(-2)?
1
Suppose 0*g - 5*g = -405. What is the tens digit of g?
8
Let y = -10 - 16. Let v be (y/(-6))/(6/18). Suppose 0 = -2*h + v + 9. What is the units digit of h?
1
What is the units digit of (16/(-6))/((-2)/18)?
4
Let w = -14 - -45. What is the units digit of w?
1
Suppose -2*o - 2*r = -3*r - 8, r = 0. Suppose 4*v + 11 = -9, -15 = o*b + 3*v. What is the units digit of -1*(b + (-3 - -1))?
2
Let h(f) = 13*f**2 + 5. What is the tens digit of h(2)?
5
Let h = 17 - 134. Let r = h + 83. Let l = -21 - r. What is the units digit of l?
3
Suppose -5*d - 3*i = -116, -5*i - 92 = -5*d + 8. What is the units digit of d?
2
Suppose 0*a = -2*a. Suppose -32 = -4*p - a*p. What is the units digit of p?
8
Let t(n) = n**3 - 2*n**2 - 3. Let c be t(3). Suppose -p = -c*p. Let v = p - -10. What is the tens digit of v?
1
Let n = 6 + -6. Suppose -3*b + 6 + 0 = n. What is the units digit of b?
2
Let z(f) = -40*f - 2. What is the tens digit of z(-1)?
3
Suppose -5*m + 52 = b, 5*m - 23 - 31 = -2*b. What is the tens digit of m?
1
Suppose 8*u = 3*u. Suppose 0 = -f - 2*f - n + 4, f - n = u. Let c = f - 0. What is the units digit of c?
1
Let d = -1 + 3. Suppose 5*s - 77 = 93. Suppose 0 = 5*k - 6*v + d*v - s, 0 = 5*k - v - 46. What is the tens digit of k?
1
Suppose 15*c + 198 = 26*c. What is the tens digit of c?
1
Let y(l) = 5*l + 3. Let w(u) = -9*u - 6. Let g(k) = 4*w(k) + 7*y(k). Let f be g(3). Let z = 1 - f. What is the units digit of z?
7
Suppose 2*o + 4 = -42. Let w = -14 - o. What is the units digit of w?
9
Suppose -5*b + 3 = -22. Suppose 12 + 39 = 4*f - b*d, -2*f - d + 15 = 0. What is the units digit of f?
9
Let x(s) = s + 2. Let y be x(-7). Let n(p) = 2*p**2 - 2*p - 5. Let z be n(y). Suppose 0*o - z = -5*o. What is the tens digit of o?
1
Suppose -4*l - l = -10. Let q(r) = r**2 + 1. Let c be q(l). What is the units digit of 20/3*6/c?
8
Suppose 2*z + 5*a = 46, a - 20 = -z + 9. What is the tens digit of z?
3
Let i(n) = n**2 - 7. Let v be i(-5). Suppose w = -2*w + v. Suppose w + 2 = 2*b. What is the units digit of b?
4
Let v = -226 - -127. What is the tens digit of v